 3*v**2 + 7*v - 4. Give n(d).
-19
Let n(o) = 8*o**3 + 53*o**2 - 49*o - 34. Let p(r) = 23*r**3 + 158*r**2 - 143*r - 101. Let w(k) = 17*n(k) - 6*p(k). Give w(-24).
4
Let k(h) = h**3 - 9*h**2 + 11*h - 20. Let g be k(8). Let a be 9 + (-13)/g + 2/8. Let b be 0 + -8 + a + -2. Let m(s) = -s**3 - 5*s**2 - s + 4. Give m(b).
-8
Let b = 83603 + -83597. Let z(l) be the second derivative of -l**5/20 + 7*l**4/12 - 2*l**3/3 + 9*l**2/2 + l. What is z(b)?
21
Let l(q) = -5*q**3 + 36*q**2 - 53*q + 21. Let k(a) = -8*a**3 + 55*a**2 - 80*a + 32. Let m(z) = 7*k(z) - 11*l(z). What is m(-13)?
32
Let v(r) be the third derivative of r**6/120 + 2*r**5/15 + 11*r**4/24 + 2*r**3/3 - 97*r**2 + 20*r. Calculate v(-6).
10
Let r(s) = 20*s**2 + 3*s - 3. Let f(q) = q**2 - 62*q - 719. Let m be f(-10). Determine r(m).
20
Suppose -r - 2*r = 2*q - 6, q - 5 = -r. Let x(a) = -3*a + 12. Let t be x(q). Let y be (-2)/2*(8 + t). Let o(v) = -v**3 + 7*v**2 + 10. Give o(y).
10
Let f(c) be the first derivative of c**3/3 + 19*c**2/2 + 20*c + 1713. Calculate f(-17).
-14
Let a(h) be the second derivative of -h**5/20 + 5*h**4/12 + 5*h**3/2 - 24*h**2 + 102*h + 32. What is a(6)?
6
Let m(s) be the third derivative of -s**4/24 - 2*s**3/3 + 10*s**2. Let x(g) = g**2 - 17*g - 13. Let z = 17 + 1. Let y be x(z). What is m(y)?
-9
Let p be 2/2*215 + 24/(-8). Let x = p - 204. Let v(y) = -y**3 + 9*y**2 - 6*y - 9. What is v(x)?
7
Let v = -106 + 18. Let y be v/(-154) - 3/(-7). Let u(f) be the third derivative of -f**6/15 + f**5/60 + f**4/24 - f**3/6 - 3*f**2. What is u(y)?
-7
Let x(r) = -r**2 - 2*r + 5. Let d(b) be the third derivative of b**6/120 - 19*b**5/60 + 5*b**4/6 - 11*b**3/2 + 150*b**2. Let w be d(18). Give x(w).
-10
Let g(x) = -3*x + 33. Let l(y) = y - 8. Let q be l(20). Let f be g(q). Let j(u) be the third derivative of -u**4/24 - 5*u**3/6 + 8*u**2. Give j(f).
-2
Let r(b) = -33*b + 52. Let t(q) = q**2 + 97*q - 164. Let m(z) = -7*r(z) - 2*t(z). Determine m(16).
44
Let w(v) = -2*v**3 + 54*v + 55. Let p be w(-1). Let l(b) = -4*b + 38. Determine l(p).
26
Let f(q) = -2*q**3 - 1. Let s be f(-1). Let o(u) = 2*u + 6*u**2 - u - 24*u**3 + 15*u**3 + 10*u**3 + s. Give o(-6).
-5
Let f(p) = 318*p - 1247. Let d be f(4). Let j(w) = w**2 - 25*w + 7. Determine j(d).
7
Let j(g) be the second derivative of g**5/120 + g**4/3 + 9*g**3/2 - 36*g. Let y(r) be the second derivative of j(r). Give y(-12).
-4
Let i(l) = -l**2 - 41*l - 293. Suppose -31296 = -2*m - 16*m - 31458. Give i(m).
-5
Let h be 18 + 5/((-5)/12). Let l(n) = -63*n + 372. Determine l(h).
-6
Suppose 19*c - 23*c = -36. Let j(r) = 6 - 594*r**3 + 297*r**3 - c*r + 8*r**2 + 296*r**3. Determine j(7).
-8
Let n be (-4)/(-44) - 516/(-132). Let a(k) = -n*k + 54 - 154 + 76 - k. Determine a(-6).
6
Let x(t) be the first derivative of 6*t**3 - t**2/2 + t + 513. Suppose -4*d + 1 = -3. What is x(d)?
18
Let c(y) be the second derivative of y**4/12 + y**3/2 - 11*y**2/2 - 4*y. Let z be 10/(150/35)*450/(-175). Calculate c(z).
7
Let v(r) = 25*r**2 - 3*r + 3. Let f be -7 + (-2)/(-12)*45 - 1/(-2). Determine v(f).
25
Let o(u) = u**3 + 13*u**2 - 16. Suppose -5*y + 30 = 0, -4*s - 36 = -4*y + 40. Calculate o(s).
-16
Let a(i) = -2*i**2 - 79*i - 14. Let l(t) = t**2 + 52*t + 14. Let s(f) = 2*a(f) + 3*l(f). Calculate s(-6).
-10
Let z(y) = 2*y**2 + 11*y + 19. Let f(u) = -u**2 - 6*u - 9. Let j(v) = 5*f(v) + 2*z(v). Suppose -2*b = 117 - 27. Let c be 280/b + (-2)/(-9). What is j(c)?
5
Let x(f) = 4*f**3 - f**2 + 6*f - 3. Let o be (-52 + 10)/(-6) - 5. Determine x(o).
37
Let z(l) be the second derivative of l**5/20 + 23*l**4/12 + 4*l**3 + 22*l**2 - 21*l. Determine z(-22).
0
Let o(p) = 3*p**2 - p. Let i = 127 + -113. Suppose i*q + 24 = 2*q. Give o(q).
14
Suppose 15*u - 98 + 8 = 0. Let n be 4/10 - (-26)/10. Let v(o) = -o**2 + n*o + 4*o + 1 - o. Give v(u).
1
Let p(q) = q - 7. Let g be ((-1 + 1)/(-2))/(0 - 1). Let o(w) = w**2 + w + 1. Let s be o(2). Suppose g = -6*y + s*y - 6. Determine p(y).
-1
Let i(v) = 33*v**2 - 49*v - 20. Let d(y) = -24*y**2 + 31*y + 14. Let x(j) = -7*d(j) - 5*i(j). Calculate x(-10).
22
Suppose -4*z + 17 - 45 = 0. Let k(u) = 4*u**3 - 8*u**2 - 7*u + 546. Let a(i) = -11*i**3 + 24*i**2 + 21*i - 1527. Let l(j) = -5*a(j) - 14*k(j). Determine l(z).
-9
Let j(p) = -34*p - 22*p - p**2 + 75*p - 25*p. Suppose 5*s + 12 = 5*a + 52, -5*s = 2*a - 33. Suppose 3*r + 8 = -s. Give j(r).
5
Let q(w) = 9*w + 607 + 641 - 1335. Let p be q(10). Let f(b) = -b**2 + 3*b + 1. Give f(p).
1
Suppose -3*a + t = -45, 3*a + 32*t - 27*t = 63. Let m(q) = 8*q + 1. Let j(d) = 44*d + 6. Let i(c) = a*m(c) - 3*j(c). Determine i(-2).
6
Let s(c) be the second derivative of -9*c**5/10 + c**4/6 + c**3/6 + c. Let w = 390124 - 390125. What is s(w)?
19
Let y(w) be the second derivative of 3 + 1/2*w**2 - 1/20*w**5 + 59*w + w**4 - 5/3*w**3. Calculate y(11).
12
Let d(c) = 4*c - 13. Suppose -43*i = 33 - 76. Give d(i).
-9
Let g(u) be the second derivative of 2 - 37*u - 1/12*u**4 - 2/3*u**3 - 9/2*u**2. Determine g(-7).
-30
Suppose 14*b = -2404 - 200. Let s = -196 - b. Let q(l) = l**2 + 11*l + 11. Determine q(s).
1
Let v = 5 + -3. Let g(s) be the first derivative of 3*s**2/2 + 3*s + 1264. Calculate g(v).
9
Suppose -111 = -28*a + 29. Let x(m) = -m**3 + 4*m**2 + m + 1. Calculate x(a).
-19
Let t(p) = 9*p - 184. Let n = -7330 + 7351. Calculate t(n).
5
Let a(i) = 2*i**2 + 120*i - 2579. Let u be a(17). Let d(l) be the first derivative of 7/2*l**2 + 0*l - 1/4*l**4 + u - l**3. Give d(-5).
15
Suppose 9 = -3*r, -7*r + 3*r + 4 = 4*c. Let p(k) = -7*k + 13*k - c*k - 8*k + 1. Calculate p(1).
-5
Let h(y) = -y**3 + 6*y**2 + 5*y + 18. Suppose 3355 = -93*o + 3913. Determine h(o).
48
Let c(v) = -8*v - 7. Let o(j) = 15*j + 15. Suppose 4*w - 16 = 0, -g + 7 + 2 = -w. Let z(u) = g*c(u) + 6*o(u). Let x be ((-5)/(-10))/(-3 + 14/4). Calculate z(x).
-15
Let x(j) be the first derivative of 4*j**3/3 - 4*j**2 + 4*j - 2120. Give x(4).
36
Let g(x) = x**3 - 5*x**2 - 4*x - 6. Let t be (((-9)/(-42))/((-4)/14))/(2/(-16)). What is g(t)?
6
Let p(q) = -2*q + 2. Let s be (-3)/(9/10)*(-42)/35. Calculate p(s).
-6
Suppose 22 - 6 = 3*q - 5*s, -2*s - 26 = -4*q. Let c(n) = -3*n - 19 + 10 + n**2 - n + 4 - n. Calculate c(q).
9
Suppose 0 = -8*c + 12 + 28. Let v(j) = -41*j**2 - j**3 + 10*j + 51*j**2 - c - 15*j. Give v(9).
31
Let s(r) = -r**2 - r + 25. Suppose -b = 24 - 19. Let i be s(b). Let v(y) = -2*y**2 + 6*y - 7. Give v(i).
-27
Let y(p) = -p**2 + 3 - 4 + 2 + 0 - p. Let k(q) = 4*q**2 + 7*q + 4. Let u(r) = k(r) + 3*y(r). Let w = 82 + -87. Calculate u(w).
12
Suppose -2*v - 1040 = -11*v - 977. Let x(h) = 5*h + 15. Determine x(v).
50
Let d(q) = 2*q**2 - 5*q + 13. Let c be d(4). Suppose -c*n = 21 + 154. Let l(o) = o**3 + 6*o**2 - 9*o - 3. Determine l(n).
11
Let l(w) = w**3 + 4*w**2 + 5*w + 3. Suppose -134*a - 72 = -152*a. Suppose -8*v = -13*v + 4*o - 19, 2*v = a*o - 10. Determine l(v).
-3
Let q(v) = 2*v - 13. Suppose -3*j + 5*x + 25 = j, -4*x = -2*j + 20. Suppose j = -3*n + u + 95, 2*u + 25 + 69 = 3*n. Let c = n - 22. Calculate q(c).
7
Let s(x) = -10*x**2 + 2*x + 1. Let a = 35 + -30. Suppose 12 = 4*n + a*h - 27, -h = -3*n + 34. Suppose -2*o + n = -5*m, 2*m + 5 = -0*o + o. What is s(m)?
-11
Let b = -8590 - -8584. Let h(l) = -l. Let p(y) = -y - 4. Let f(j) = -4*h(j) + p(j). Calculate f(b).
-22
Let u(t) = -8*t - 15*t**2 - 4 + 32*t**2 + 5*t - 18*t**2. Determine u(-5).
-14
Let z = 50 + -52. Let r(f) be the second derivative of f**3/2 + f**2/2 + 22*f + 3. Calculate r(z).
-5
Let w(q) = 13*q + 1. Let p(r) = -36*r - 51. Let a be p(-7). Let k = a - 202. Give w(k).
-12
Let f(j) = -j**3 + 2*j - 1. Let d(c) be the first derivative of c**4/4 + 17*c**3/3 - 37*c**2/2 + 21*c - 64. Let v be d(-19). What is f(v)?
-5
Let r be (-2 - -5) + 15 + -6. Suppose -5*n + 3*n = -r. Let i(p) be the first derivative of p**3/3 - 7*p**2/2 + 4*p + 304. Determine i(n).
-2
Let t = 79 + -127. Suppose -74*g - 196 = -70*g. Let o = t - g. Let d(x) = -2*x**2 + x - 1. What is d(o)?
-2
Let z(i) = -1196*i - 1205*i - 1197*i + 5 + 3594*i. Determine z(-6).
29
Let j(h) = 62 + 30*h + 47 + 71*h - 25 - 97*h. Calculate j(-20).
4
Let z(j) be the second derivative of j**4/12 - 23*j**3/6 + 19*j**2/2 - 9244*j. Give z(18).
-71
Suppose f - 2*i + 11 = 6, -f = -3*i + 5. Let v(u) = u**3 + 4*u**2 - 7*u - 12. Give v(f).
-2
Let y(i) = -44*i**3 - 39*